) = c - 1227. Let x be k(0). Let v = h - x. Is v a prime number?
False
Let n(o) = -5*o**3 - 3*o**2 + 7*o + 6. Let i(a) be the second derivative of -3*a**3/2 - 16*a**2 + 17*a. Let b be i(-3). Is n(b) a composite number?
False
Is (-2)/5 + 93240564/3260 a composite number?
True
Suppose -75*r = -276033 - 11889642. Is r prime?
True
Suppose 177*v - 20 = 173*v. Suppose 4*u + 0 - 1 = -3*l, 0 = 5*u + 3*l - v. Suppose 4*j + u*d - 2820 = 0, -839 = -5*j + 3*d + 2694. Is j prime?
False
Suppose -5*m + 22 - 2 = 0. Suppose m*b + 16 = -0*b, 0 = 3*i + 4*b + 4. Suppose 4*c = 3*c + i*g + 97, g + 82 = c. Is c a composite number?
True
Suppose 4*r + 1084 = -0*r. Let j = r + 490. Let k = j + 84. Is k composite?
True
Suppose 0 = 22*a + 115*a - 1428499. Is a a prime number?
True
Suppose 8*o + 270 = 18*o. Is ((-6)/o - 0) + (-44008)/(-72) a prime number?
False
Let u be (-1)/((-220)/(-45) + -5). Let l(p) = 141*p - 8. Is l(u) a prime number?
False
Suppose -15 = 6*q + 3. Let k(c) = c**3 + c**2 - 1. Let s(d) = -2*d**3 + 7*d**2 + 13*d - 24. Let p(z) = q*k(z) - s(z). Is p(-11) a composite number?
True
Let p(m) = 2294*m + 3093. Is p(20) a prime number?
True
Is (-4153*(-2)/8)/((198/6408)/11) a composite number?
True
Is 9819831/12 + (-2 - -9 - 231/44) a prime number?
False
Suppose -7*d = -3*d. Suppose d = -12*k + 13*k + 2822. Let g = k + 5931. Is g prime?
True
Let f(u) = 2*u**3 + 100*u**2 - 45*u - 572. Is f(-45) a prime number?
False
Let l(w) = 309*w**2 - 20*w + 7. Let f(k) = -309*k**2 + 20*k - 6. Let x(n) = 2*f(n) + 3*l(n). Is x(4) prime?
False
Let y be 11/5 + (-48)/15 + 3. Suppose -778 = -2*j - 0*u + 4*u, 0 = -4*j - y*u + 1516. Is j prime?
False
Suppose 0 = 3*h - 2*q + 191, -3*h - 44 - 182 = 5*q. Let t be ((-32)/(-2))/(4*3/162). Let w = t + h. Is w a composite number?
False
Let u(j) = -29909*j + 3000. Is u(-5) prime?
False
Let x be (-2)/(-9) - 4/18. Suppose x = -0*c + 10*c - 13820. Is c a prime number?
False
Suppose -3*b - 151*s + 146*s + 148516 = 0, 5*b = -2*s + 247533. Is b a prime number?
False
Let f be (3/(-6))/((-11)/66). Suppose h + 5*v = -5, -16 + 2 = -4*h - f*v. Suppose -5*z + 2491 = c, -4*c + 5*c + 2499 = h*z. Is z a prime number?
True
Suppose -10 = 5*y, 13 = 3*k + 7*y - 3*y. Suppose 22677 = k*a - 24440. Is a prime?
False
Let t = 45 + -30. Suppose t*x - 13998 = 12*x. Suppose 0 = 11*v - x + 464. Is v composite?
True
Let o = -346 - -351. Suppose -4*v + 5*x + 17303 = 0, -x + 410 - 22044 = -o*v. Is v prime?
True
Let f = 633 - 623. Suppose 2*j - f = 7*j, 3*c + 4*j = 28498. Is c a prime number?
False
Let a(u) be the second derivative of 521*u**4/12 - 13*u**3/6 - 7*u**2/2 + 2*u + 106. Is a(-3) prime?
True
Let y(s) = 296*s - 29. Let o be (-18)/(-4)*(-10)/(-3). Is y(o) composite?
True
Let s be (9/(-18))/((-1)/49022*1). Let y = s - 13982. Is y a composite number?
False
Let l(r) = 1083*r**2 + 8*r + 11. Let i = -58 + 56. Is l(i) prime?
True
Let c be -1 + 4 + (-5)/((-5)/2). Suppose -11*q - c = -27. Suppose 4*t + t + 752 = q*w, 5*w = 3*t + 1899. Is w a prime number?
False
Suppose 4*h - 25 = -3*r, -1 = 2*h - 9. Let k = 690 - 686. Suppose -5*l + 15 = 0, -3138 = -k*g - r*l + 5755. Is g composite?
False
Let w = -52698 + 156565. Is w composite?
False
Let w = 93246 + -43283. Is w a composite number?
True
Let x be -1 - -4 - 438/(-4)*186. Suppose x = 4*z - 2*m, -20373 = -4*z - 0*m + 3*m. Is z composite?
True
Let o be (3 + (0 - -1))/((-6)/(-5826)). Suppose 4*j + o = 4*l, -2*j + 3848 = 4*l + 3*j. Is l a prime number?
True
Let x = -411 - -1011. Suppose 0 = -2*n - 4*b + 2430, -5*n - b + 2*b + 6053 = 0. Let l = n - x. Is l composite?
True
Let s(i) = i**2 - 14*i - 1872. Let m be s(0). Let d = m - -2891. Is d a prime number?
True
Let z(b) = -b**2 + 1. Let v(t) = 4*t**2 + 7*t + 1964. Let s(f) = v(f) + 5*z(f). Is s(0) prime?
False
Suppose -4*f = -3*i - 672764, -15*i - 168191 = -f - 18*i. Is f a composite number?
True
Let f(j) = 68*j**3 - 8*j**2 - 23*j + 130. Is f(7) a composite number?
False
Let u = -16977 + 56500. Is u a prime number?
False
Let x(p) = 190*p - 12. Let n be x(9). Let h = 153 + 62. Let a = n - h. Is a a prime number?
True
Suppose -3*a + 20643 = 3*u, 0 = -a + 2 + 3. Let j = u + 755. Is j a prime number?
False
Let z(n) = 40*n - 491. Let j be z(12). Let b(h) = -1 + 25*h**2 - 15 - 14*h + 0*h**2. Is b(j) a composite number?
False
Let u(s) be the third derivative of 11*s**5/30 + 7*s**4/24 - 46*s**3 - 188*s**2. Is u(21) a prime number?
False
Suppose -10*n + 13*n = 5*y - 15300, 0 = 5*y + 4*n - 15265. Suppose 3*h - 24534 + y = 0. Is h composite?
False
Suppose 3*d - 45 = -5*w + w, -2*w - 16 = -2*d. Suppose -d*c + 99126 = 7*c. Is c a prime number?
True
Suppose -58*h = -55*h + 24. Is (0 + 877)*(h - -9) a prime number?
True
Suppose -143*l + 83*l - 239643 = -69*l. Is l composite?
False
Let c(f) = 34*f - 12. Let x(m) = -m - 1. Let d(z) = c(z) - 5*x(z). Suppose 5*o - 6*k = -k, 3*o - 4 = 2*k. Is d(o) a composite number?
False
Let o = 258 + -169. Let f = 127 - -33. Suppose -2*w = -3*g - f, -w - g - 2*g = -o. Is w composite?
False
Let j(p) = -53*p**3 + 5*p**2 - 8*p + 15. Let b = 94 - 99. Is j(b) prime?
False
Let n be -43*(-27)/18*796/6. Let z = n - 4910. Is z a prime number?
False
Let i = 227 + -228. Is (-4758)/(-14) + i - 6/(-42) composite?
True
Let t(y) = 935*y - 62. Is t(15) prime?
True
Let x = 7037 - 17390. Let z = x + 15652. Is z prime?
False
Let f be (-3 - (-36)/8)*2. Let s(b) = -80*b**3 + 7*b - 2. Let d be s(f). Let u = d - -5242. Is u prime?
False
Suppose 264 - 249 = 5*h. Is 19224/6 + (h - -2) prime?
True
Suppose -4*j = 4, 4*d - 8*d - 2*j + 343642 = 0. Is (4/(-6))/((-14)/d) composite?
False
Let r(q) be the third derivative of -q**6/120 - q**5/30 + 11*q**4/24 + 11*q**3/6 + 3*q**2 + 18. Is r(-9) a composite number?
False
Is -5 - 1858102/12*-3 - (-11)/22 prime?
True
Let m = 99382 - 51011. Is m prime?
True
Let d(b) = 188*b**2 - 31*b - 33. Let h(z) = -282*z**2 + 46*z + 49. Let v(l) = -7*d(l) - 5*h(l). Is v(-9) prime?
True
Let q(x) = -x**3 + x**2 + 5. Let r be q(0). Let f be r/15 + 16/6. Suppose -362 = -a - 5*z, 322 = -4*a + 5*a - f*z. Is a a composite number?
False
Let b be 1 - -35 - (0 - -2). Let c be ((-4)/6)/(b/(-153)). Suppose 2*h + 3*h - 4*n - 1451 = 0, -5*n + 878 = c*h. Is h a composite number?
True
Let i(y) = -27 - y**2 - 21*y - 8*y - y**3 + 11 + 18*y**2. Let a be i(15). Is 13560/15 - (a + 5 + -1) a prime number?
False
Suppose -50*u = -3*r - 53*u + 848523, -5*r - u = -1414205. Is r composite?
True
Let q = -43 + 53. Is 236694/48 - q/80 composite?
False
Let w = 2129 + -4439. Let q be w/143 + 1 + 11/(-13). Is 2*2*(-7564)/q prime?
False
Let t be 4/14 - ((-192)/14 + -1). Let u(r) = 66*r + 65. Is u(t) a composite number?
True
Let r(t) = -t**3 + 56*t**2 - 35*t - 143. Is r(30) composite?
True
Is 152 + -158 + (0 - -3392) prime?
False
Let t(w) = w**3 + w. Let a be t(0). Let b = a + 4. Suppose 0 = -2*c - y - 3*y + 3714, -9215 = -5*c + b*y. Is c prime?
True
Suppose -5*s + 31745 = -3*f, 5*f = -2*s + 7329 + 5400. Is s/(-4)*(4 - 105/20) prime?
False
Suppose -9742867 + 1014473 = -79*i. Is i composite?
True
Suppose 387 - 100 = -7*c. Let l = 41 + c. Suppose 4*r + l*r = -f + 1228, 614 = 2*r + 4*f. Is r prime?
True
Let m = 140979 - -1025794. Is m composite?
False
Suppose -5*d - 2061 = -o, 2069 = -5*d - 0*d - o. Let t be d*1 - 2*(-2)/1. Let j = 1056 + t. Is j prime?
True
Let i(g) = 81*g + 13. Let f(c) = c**3 + 10*c**2 + 15*c - 2. Let u be (-20)/1*18/45. Let t be f(u). Is i(t) prime?
True
Is ((-190470)/175*3/(-9))/((-4)/(-410)) prime?
False
Is 129294 - (-1 + -4 + -10) composite?
True
Let l be (-25 - 1 - -6)*(-4)/10. Let m be l/(-12)*12 + 1*4. Is 3590/22 + m*1/22 prime?
True
Let f(z) = 955*z + 49. Suppose 0 = -4*c + 2*x + 16, 2*c + 12*x - 8*x - 28 = 0. Is f(c) prime?
True
Let y = 2321 - 1508. Suppose -x + 3*p + 2633 = y, -p + 9116 = 5*x. Is x composite?
False
Suppose 34*i - 1355636 = 1230846. Is i a prime number?
False
Suppose -38454 = 17*p - 46*p. Suppose c = -0*c. Suppose -3*v - 3*v + p = c. Is v composite?
True
Suppose 0 = j - 1 + 4, -27 = -3*h - j. Let k(c) = 627*c + 47. Is k(h) prime?
True
Let q be (-2273)/(-7) - 8/(-28). Suppose -5*d = 4*x - 498, -5*x + q = 3*d + 34. Suppose i - 433 = -d. Is i prime?
True
Suppose 3*y - 4*r - 26 = 0, -3*r + 8*r + 40 = 5*y. Suppose 0 = 3*s + 4*n - 7267, -y*n = -3*s - 2*n + 